
Let p(d) = 3*d - 8. Let a be 4/(-2) + (1 - 3). Let m be 18/a*8/(-6). What is the remainder when p(m) is divided by 4?
2
Suppose -2*c - 3*c = 20, 4*c + 316 = 5*a. Let h = a + -42. Suppose -26 = -n + 3*u, u = -4*n + 3*u + 134. What is the remainder when n is divided by h?
17
Let j be 7 + (2 - 0 - 4). Calculate the remainder when 3 is divided by (j - 0)*(-6)/(-15).
1
Let s(o) = -2*o + 0 + 8*o - 5 - o**3 - 1 - 2*o**2. Calculate the remainder when s(-5) is divided by 10.
9
Let s(g) = -g**3 - 2*g**2 + 2*g - 3. Let l be s(-3). Suppose l = -p, -5*p + 44 = 3*y - y. Calculate the remainder when 65 is divided by y.
21
Let c = 7 - 4. Suppose c*y + 0*y = 27. Suppose z - 4*i - 26 = 11, -z = -i - 22. Calculate the remainder when z is divided by y.
8
Let y = -75 - -135. Calculate the remainder when y is divided by 21.
18
Let m(j) = 2*j + 20. Calculate the remainder when m(4) is divided by 6.
4
Suppose -4*a + 637 = 217. What is the remainder when a is divided by 18?
15
Let y(p) = -4 + 3*p**2 - 4*p**2 - 3*p + 4*p**2. Let z = 39 + 1. What is the remainder when z is divided by y(3)?
12
Suppose -2*r - 13 = -3*r. Calculate the remainder when (-144)/28*(2 + -9) is divided by r.
10
Suppose -r + 4 = -h, 0 = 5*r - 0*r - 3*h - 22. Suppose -37 = -r*q + 3*l + 23, 3*l = q - 12. Calculate the remainder when 47 is divided by q.
11
Let s(k) = 2*k - 8. Let a(h) = 5*h**3 + 2*h - 1. Let q be a(1). Suppose -3*c = 0, 4*b + 5*c - 40 = 4*c. Calculate the remainder when b is divided by s(q).
2
Let r = 22 + -23. What is the remainder when (-788)/(-10) - r/5 is divided by 20?
19
Let d(j) = j**3 + 11*j**2 + 7*j + 5. Let n = 1 - 3. What is the remainder when d(-10) is divided by n/(26/(-12) - -2)?
11
Let m(g) = -1 + 6 - 8 - g + 2. Let l be m(-6). Let k = 32 + l. Calculate the remainder when k is divided by 10.
7
Suppose 2*z + 5 = -3*u, -4*u - 12 = -0*u + 4*z. Suppose -g = -1 - 0. Calculate the remainder when u is divided by 2/g + 1 + -2.
0
Let x = -19 - 11. What is the remainder when 30/9*x/(-4) is divided by (-30)/(-4) + (-1)/2?
4
Let w = 17 + -9. Let a(k) = 3*k - 7. What is the remainder when 66 is divided by a(w)?
15
Let z be 16/3 - (-3)/(-9). Let f(d) = 2 - 2 + z - 3*d. What is the remainder when f(-7) is divided by 9?
8
Suppose -7*v + 5*v = 0. Suppose -4*i = v, -y + 3*y + i = 14. What is the remainder when 20 is divided by y?
6
Let f(c) = -8*c**2 + 2*c + 4. Let l be f(-2). Let j = l + 56. Calculate the remainder when j is divided by 9.
6
Let j(i) = -i**3 + 2*i**2 + 3*i - 2. Let h = 2 + -10. Let f = -5 - h. Calculate the remainder when j(2) is divided by f.
1
Let o be (-2 + 2 + 30)*3. Suppose z + z - o = 0. Suppose -6*d = -d - z. Calculate the remainder when 25 is divided by d.
7
Let z(a) = -2*a + 9. Calculate the remainder when z(-10) is divided by (-32)/20*(-5 + 0).
5
Suppose -3 = -3*t, 4 = -3*f + 3*t - 26. Let s(l) = -2*l + 7. Calculate the remainder when s(f) is divided by 13.
12
Let f be (-140)/(-16) + (-2)/(-8). Calculate the remainder when 31 is divided by (-3)/(f/(-12)) - -4.
7
Let o(g) = -9*g + 1. Let m = 5 + -1. Suppose -4 - 30 = -4*f - 5*k, 8 = m*k. What is the remainder when o(-1) is divided by f?
4
Let r = 121 - 43. Calculate the remainder when r is divided by 27.
24
Let k(w) = 51*w**2 - 3*w - 2. Let f(u) = u**2. Let v(g) = -f(g) + k(g). Calculate the remainder when v(-1) is divided by 13.
12
Let v(l) = 14*l + 1. What is the remainder when v(2) is divided by 5?
4
Let a(r) = 12*r. Calculate the remainder when 32 is divided by a(1).
8
Suppose 4*m = 2*d + 96, 2*m + 3*d - 48 = 6*d. Calculate the remainder when m is divided by 5.
4
Let i = -7 - -7. Suppose 0*c + 5*c - 80 = i. What is the remainder when 45 is divided by c?
13
Let i = -3 + 2. Let w(r) = -7*r**3 + 2*r**2 - 1. What is the remainder when 14 is divided by w(i)?
6
Let n(r) = 7*r**2 - 2*r - 2. Let l be n(-1). Suppose 560 - 210 = l*i. Calculate the remainder when i is divided by 13.
11
Suppose 0 = 4*b - 9 - 11. Suppose -b*c + 40 = -0*c. Calculate the remainder when -1 + (0/(-1) - -24) is divided by c.
7
Let x be (3 + -1 - 2)*1. Suppose 5*c = -x*c, 2 = p - 3*c. Let j(f) = f**2 - 5*f. What is the remainder when j(6) is divided by p?
0
Suppose -2*n - 187 = -2*d + 67, 3*n - 543 = -4*d. Suppose 2*t + o - d = 0, -t + 4*o + 62 = -4. What is the remainder when t is divided by 17?
15
Suppose j - 5 = -1. Suppose -2*o = s + 1, 0*s = -s + j*o + 17. Calculate the remainder when 13 is divided by s.
3
Let t(s) = s + 9. Calculate the remainder when 12 is divided by t(-4).
2
Let a = -13 + 20. Suppose -c - 2 = -a. What is the remainder when c is divided by 2?
1
What is the remainder when 101 is divided by 0 + -3 + 15 + 14?
23
Let k(z) = z**2 + 2*z + 38. What is the remainder when k(0) is divided by 20?
18
Let u be (-10)/4*(-4 + 2). Suppose 0 = u*d - d + 4*x - 68, -2*x - 46 = -3*d. Calculate the remainder when d is divided by 9.
7
Suppose -28 - 11 = -3*j. Suppose -5*t + 5*q + 255 = 0, 2*t - 14 = -2*q + 88. Calculate the remainder when t is divided by j.
12
Suppose -3*a - 4*v + 6 = -7, -4*v = -4. Suppose -a*s = 2*s. Suppose -4*t + 4*y + 52 = s, 2*t + 3*y - 14 = -y. Calculate the remainder when 32 is divided by t.
10
Let q(h) = -h + 2. Let z be q(-5). Let r = 0 + z. What is the remainder when 2/5 + 189/15 is divided by r?
6
Let d(k) = k + 5. Suppose 0 - 21 = -3*t. Calculate the remainder when 34 is divided by d(t).
10
Let j = -1 + 10. Suppose -6*d + d = -650. Calculate the remainder when (4/(-5))/((-4)/d) is divided by j.
8
Let t be (1 - -1) + -2 + 0. Suppose 14 = k - 0*k. Calculate the remainder when k is divided by (8/6 - t)*3.
2
Calculate the remainder when 15 is divided by (-476)/(-35) + (-6)/(-15).
1
Let r(u) = -8*u - 29. What is the remainder when r(-10) is divided by 19?
13
Suppose 38 = 4*j - 18. Let a = 9 + j. Let o(g) = g**2 - 8*g + 12. What is the remainder when a is divided by o(8)?
11
Suppose -2*i = -4*w + 123 + 111, 0 = 5*i - 5. What is the remainder when w is divided by 20?
19
What is the remainder when 37 is divided by (196/(-42))/((4/(-9))/2)?
16
Suppose 12*x - 25 = 7*x. Suppose f - 8 = -4*k + 8*k, -x*f + 40 = 4*k. Let g = -5 - -20. What is the remainder when g is divided by f?
7
Let l(g) = -g**3 + 6*g**2 - 5*g + 5. Let x = 1 + 11. Suppose -3*r + x = -3. Calculate the remainder when 8 is divided by l(r).
3
Let y = 31 + -3. Suppose 0 = j - 5*j + 60. What is the remainder when y is divided by j?
13
Suppose 0 = -9*q + 409 + 86. Calculate the remainder when q is divided by 8.
7
Suppose b + 570 = 4*f, -5*f + 2*b + 0*b = -714. What is the remainder when f is divided by 18?
16
What is the remainder when (-112)/(-20)*10/4 is divided by 5?
4
Calculate the remainder when 97 is divided by 1/((-245)/125 - -2).
22
Suppose -3*t - 113 = z - 6*z, -t = -z + 41. Let j = t - -79. What is the remainder when j is divided by 12?
9
Let d be 2 + 1*(-1 - -2). Suppose -4*p = -0*p + 5*r - 49, 3*p + d*r = 39. Suppose 4*b - p = 2*b. Calculate the remainder when 22 is divided by b.
6
Let m(k) = -k**3 - 7*k**2 - 7*k + 1. Let d be m(-6). Suppose 5*n = 52 - d. What is the remainder when n is divided by (-12)/(-72) + (-29)/(-6)?
4
Suppose -5*v = -5*h - 120, -4 = 3*h + 5. Let m = v + -7. What is the remainder when 53 is divided by m?
11
Let m(c) = c**3 + 7*c**2 + 3*c + 2. Calculate the remainder when m(-5) is divided by 19.
18
Let b(r) = r**3 - r**2 - r + 16. Let l be (-4)/(-2)*(-15)/(-6). Suppose -x + 29 = 4*v - 0, 50 = l*x + v. Calculate the remainder when b(0) is divided by x.
7
Suppose 0 = -3*u + 2*u - r + 7, -3*r - 4 = -2*u. Suppose 3*z = t - 36, u*z - 3*z = -4*t + 130. Calculate the remainder when t is divided by 17.
16
Let m = 30 - 13. What is the remainder when m is divided by (8/10)/(2/25)?
7
Suppose -3 = -4*l + 17. Suppose -2*j - 35 = -5*n, 0 = -n + 2*j + l + 2. What is the remainder when 19 is divided by n?
5
Let i = 44 + 11. Calculate the remainder when i is divided by 12.
7
Let f(a) = 12*a**2 + 1. Let v be f(1). Let o = v + 15. Let d = 1 - -9. Calculate the remainder when o is divided by d.
8
Suppose -5*y + y - p = -121, 0 = 2*y - p - 65. What is the remainder when ((-61)/(-4))/(16/128) is divided by y?
29
Suppose -4*m = -5*q + 564, 3*q + m - 153 - 199 = 0. Calculate the remainder when q is divided by 39.
38
Let n = -8 + 17. Suppose 0 = u